the greatest common divisor of w and 18.
6
Suppose 3*n - 1970 = 8*b - 6*b, n + 3*b - 664 = 0. Let l = n + -570. Calculate the greatest common factor of 24 and l.
8
Let v = -1188 - -22113. Calculate the highest common divisor of 270 and v.
135
Suppose 0 = 165*q - 175*q + 2880. Suppose 317*c = 335*c - q. Suppose -142 = -4*b + 114. Calculate the greatest common factor of c and b.
16
Let h be -1*(118 + 3)*1/(-1). Suppose 12*t - 110 = 7*t. What is the greatest common factor of t and h?
11
Let n be (3 + 4 - 6)/((-1)/(-6)) - -26. What is the greatest common divisor of 8416 and n?
32
Suppose -2*r - 2*a = 3*r + 20, 3*r - 4*a + 12 = 0. Let x(q) = 32*q + 156. Let n be x(r). Calculate the greatest common divisor of 154 and n.
14
Suppose -131*b = -75*b - 896. What is the greatest common factor of b and 56?
8
Suppose -4580 + 4178 = -67*y. What is the greatest common divisor of 3582 and y?
6
Let f(h) = -h**2 - 3*h + 100. Let k be f(0). Let s = 156 - k. Calculate the highest common divisor of s and 40.
8
Suppose 6608 = -c - 4*c + 13*c. What is the highest common factor of 28 and c?
14
Suppose 94 = 5*j - 2*m, 2*m - 105 = -3*j - 55. Calculate the greatest common factor of j and 450.
18
Suppose -13303 = -19*j + 8015. Calculate the highest common factor of j and 816.
102
Suppose -253 = -8*h + 67. Let r be (-8)/((1/6)/((-11)/22)). What is the greatest common divisor of h and r?
8
Suppose 0 = 35*v - 31*v - 16, -5*v - 34 = -3*b. What is the greatest common divisor of b and 11358?
18
Let r = -24795 + 24990. What is the highest common divisor of r and 17420?
65
Let o be 10500/1680*8/5. Calculate the highest common factor of 8630 and o.
10
Let q = -40 + 81. Let c = q + -41. Let z be (c - (1 - 25))/(45/60). Calculate the highest common factor of z and 48.
16
Let q be (0 + -8)/(34/(-1122)*3*1). What is the highest common divisor of q and 64?
8
Suppose 59*p - 513*p + 1098200 = 226*p. What is the highest common factor of p and 255?
85
Let b be 1 + 807 + (2 - 3). Suppose -16*w = -2407 + b. Let p be (36/24)/(3/w). Calculate the greatest common divisor of 20 and p.
10
Let q be 160/6*(-936)/(-260). Calculate the greatest common factor of q and 90.
6
Let f be 373 - (2*2 + -2). Let d = -27338 + 27345. What is the greatest common factor of f and d?
7
Let y be ((-6)/5)/((-12)/40). Suppose -5*i = 4 + 11. Let o(t) = t**2 - 5. Let k be o(i). What is the highest common factor of y and k?
4
Let t = 15130 + -15124. Let f be 146/6 + 2/(-6). Suppose 7*z = 3*z + f. What is the highest common factor of z and t?
6
Let k = 100 - 90. Suppose 0*b - b + k = 0. Calculate the greatest common divisor of b and 80.
10
Suppose -2*s + 113 = 155. Let n = 49 - s. Calculate the highest common factor of 14 and n.
14
Let q be (-64)/(-6)*45/20. Let d(t) = 23 - 9*t - 10*t - 4*t + q*t. Let c be d(-18). What is the greatest common factor of c and 55?
5
Suppose 2*y = 17*s - 18*s + 244, -2*y + 236 = 2*s. Calculate the highest common divisor of 1218 and y.
42
Suppose 5*a = -2*s + 5080, 4*s - 10651 = -4*a - 539. Calculate the highest common factor of s and 288.
72
Let d(j) = j**3 + 17*j**2 + 44*j + 34. Let m be d(-14). Suppose 0 = 18*u - m*u - 780. Calculate the greatest common factor of u and 5.
5
Let g = -38 - -20. Let a be (-9 + -2)/(2/g). Calculate the highest common factor of a and 22.
11
Suppose -70 = 2*d - 4*h, h - 135 + 23 = 4*d. Let x = 19 + d. Let q(l) = -2*l + 12. Let v be q(x). What is the highest common factor of 4 and v?
4
Suppose -1283 - 209 = -50*r - 142. Calculate the greatest common factor of r and 190.
1
Let n be ((-7)/42 - (-7)/114) + 27600/475. What is the greatest common factor of 2755 and n?
29
Let u = 2609 - 1695. Suppose 0 = -9*n + 238 + u. Calculate the highest common factor of n and 16.
16
Let t be 4/3*(-87)/(-58). Let k be ((-580)/3)/(t/(-6)) + -4. Calculate the greatest common factor of 64 and k.
64
Let k(y) = -3*y**2 + 40*y - 9. Let a be k(13). Suppose 3*f = w - 16, -3*w + a*f = -0*f - 68. Calculate the greatest common factor of w and 700.
28
Let a(t) = t**3 - t**2 - 10*t + 168. Let u be a(0). What is the greatest common divisor of u and 54?
6
Suppose 0 = -2*s + 2*u + 192, 27*u - 114 = -s + 25*u. What is the greatest common divisor of 782 and s?
34
Let d = -194 - -272. Let h(t) = 12*t - 51. Let a be h(14). What is the greatest common factor of d and a?
39
Let m = -20 + 28. Suppose -6*q + 927 = -957. Let x = q + -312. Calculate the highest common divisor of m and x.
2
Let c(n) = 6*n + 69. Let m be c(-6). Let r(z) = 8*z - 160. Let q be r(m). What is the greatest common factor of q and 24?
8
Suppose z - 4*k - 168 = 0, -120*z - 3*k = -118*z - 391. Calculate the highest common divisor of 658 and z.
94
Suppose -34647 - 116652 = -71*f - 14979. What is the highest common factor of 12 and f?
12
Let i be (0 + 5 + -8)/((-3)/(-164)). Let u = i + 172. Let j(r) = -r - 3. Let c be j(-4). Calculate the greatest common factor of u and c.
1
Let p(n) = 15*n**2 - 3*n + 3. Let w be p(2). Let y be ((-55)/165)/(1*(-1)/339). Suppose -5*x + w + y = 0. What is the highest common divisor of 51 and x?
17
Suppose -n - z + 3 = n, 2*z = 2*n. Suppose t - 5*q = -3*t - 61, -t - 5*q = 9. Let o = t + 16. Calculate the highest common factor of o and n.
1
Let t(u) = -555*u**3 - 2*u**2 - 21*u - 19. Let j be t(-1). What is the greatest common factor of 300 and j?
15
Let d be -11*(-8)/(-12)*-306. What is the highest common divisor of 408 and d?
204
Suppose -7503 = -50*b + 5797. What is the greatest common divisor of b and 2204?
38
Let f(x) = 166*x**2 - 39*x - 1. Let b be f(1). Calculate the highest common factor of 2310 and b.
42
Let a be (-183207)/(-63) - (848/168 - 5). Calculate the highest common factor of 16 and a.
4
Let i = -11 + 11. Let s(u) = u**2 + 16*u + 6. Let g be s(i). What is the greatest common factor of g and 48?
6
Let m be 10*2*((-51)/68 - (-5 + 3)). Calculate the greatest common divisor of m and 95.
5
Suppose -747*r + 44620 + 3926 = 152*r. Let t(f) = -f + 3. Let n be t(4). Let u be n + 2 + 1*5. What is the highest common divisor of r and u?
6
Let d(s) be the third derivative of s**5/60 - s**4/12 + s**3/6 + 34*s**2. Let q be d(3). What is the greatest common divisor of 2 and q?
2
Let s = -2926 + 2964. What is the greatest common divisor of 323 and s?
19
Let h be 17 + 0 + (-39 - -52). Calculate the greatest common factor of 258 and h.
6
Let t be 5/1 - 520/(-8). What is the greatest common factor of t and 160?
10
Let m(j) = -j**2 + 29*j + 100. Let u be m(-3). Calculate the greatest common divisor of u and 4772.
4
Let q(a) = 592*a + 2113. Let x be q(9). What is the greatest common factor of 14 and x?
7
Let b be 45/270 + (-92)/(-24) + 17. What is the greatest common factor of 1939 and b?
7
Suppose -5*m = -j - 73, 4*m - 2*j = 771 - 715. Calculate the highest common factor of 108 and m.
3
Let s(f) = 17*f + 73. Let u be s(-4). Let i = u - -18. What is the highest common divisor of 46 and i?
23
Let r(b) = 23*b**2 - 2*b - 1. Let x be r(1). Suppose -3*i + x*i = 68. What is the greatest common factor of i and 22?
2
Let v(l) = 1. Let h(s) = 24*s + 85. Let b(w) = -h(w) - 6*v(w). Let x be b(-21). Calculate the greatest common divisor of x and 59.
59
Suppose 4*b = 28, -5*b = 247*m - 243*m - 75. Let n = 381 + -211. Calculate the greatest common divisor of m and n.
10
Let c(a) = a**3 + 3*a**2 - 17*a + 17. Let u be c(2). Calculate the highest common factor of 314 and u.
1
Suppose 5*v - 5938 = -3*b, 3*v = 43*b - 47*b + 3576. What is the greatest common factor of 1332 and v?
148
Let p = -30547 + 30591. Let a(q) = 1409*q**2 - 1. Let j be a(1). Suppose 4*x - j = -0*x. Calculate the greatest common divisor of x and p.
44
Let o = 31423 + -21911. Calculate the highest common divisor of o and 696.
232
Suppose 2*o - 107740 = -3*m, -269401 = -5*o + 219*m - 218*m. Calculate the greatest common factor of o and 301.
301
Let p(h) = 6*h**2 + 119*h + 2619. Let q be p(-72). Calculate the greatest common divisor of 215 and q.
215
Suppose -102*k + 106*k - 16370 = -5*z, -2*z = 4. What is the highest common factor of k and 175?
35
Let s be (-5 - 0)*(2 + -1) + 3. Let h(i) = -i**3 - 2*i**2 - 4*i + 1. Let x be h(s). Calculate the highest common factor of 99 and x.
9
Let h(p) = 2*p**3 + 104*p**2 - 47*p + 28. Let c be h(-52). What is the highest co